{"id":124,"date":"2018-05-03T10:17:07","date_gmt":"2018-05-03T10:17:07","guid":{"rendered":"http:\/\/criva.pt\/web\/?page_id=124"},"modified":"2024-02-22T11:03:34","modified_gmt":"2024-02-22T11:03:34","slug":"centro_dia","status":"publish","type":"page","link":"https:\/\/criva.pt\/web\/centro_dia\/","title":{"rendered":"Centro de Dia"},"content":{"rendered":"<div id=\"pl-124\"  class=\"panel-layout\" ><div id=\"pg-124-0\"  class=\"panel-grid panel-has-style\" ><div class=\"siteorigin-panels-stretch panel-row-style panel-row-style-for-124-0\" data-stretch-type=\"full-width-stretch\" ><div id=\"pgc-124-0-0\"  class=\"panel-grid-cell\" ><div id=\"panel-124-0-0-0\" class=\"so-panel widget_sow-layout-slider panel-first-child panel-last-child\" data-index=\"0\" ><div\n\t\t\t\n\t\t\tclass=\"so-widget-sow-layout-slider so-widget-sow-layout-slider-default-6979390ecfde-124\"\n\t\t\t\n\t\t>\t\t\t\t<div class=\"sow-slider-base\" style=\"display: none\" tabindex=\"0\">\n\t\t\t\t\t<ul\n\t\t\t\t\tclass=\"sow-slider-images\"\n\t\t\t\t\tdata-settings=\"{&quot;pagination&quot;:true,&quot;speed&quot;:800,&quot;timeout&quot;:8000,&quot;paused&quot;:false,&quot;pause_on_hover&quot;:false,&quot;swipe&quot;:true,&quot;nav_always_show_desktop&quot;:&quot;&quot;,&quot;nav_always_show_mobile&quot;:&quot;&quot;,&quot;breakpoint&quot;:&quot;780px&quot;,&quot;unmute&quot;:false,&quot;anchor&quot;:null}\"\n\t\t\t\t\tstyle=\"min-height: 300px\"\t\t\t\t\tdata-anchor-id=\"\"\n\t\t\t\t>\t\t<li class=\"sow-slider-image  sow-slider-image-cover\" style=\"visibility: visible;;background-color: #333333;background-image: url(https:\/\/criva.pt\/web\/wp-content\/uploads\/2019\/10\/IMG_20191022_105535.jpg)\" >\n\t\t\t\t\t<div class=\"sow-slider-image-container\">\n\t\t\t<div class=\"sow-slider-image-wrapper\">\n\t\t\t\t\t\t\t<\/div>\n\t\t<\/div>\n\t\t\t\t<\/li>\n\t\t\t\t<li class=\"sow-slider-image  sow-slider-image-cover\" style=\"visibility: hidden;;background-color: #333333\" data-background=\"url(https:\/\/criva.pt\/web\/wp-content\/uploads\/2019\/10\/IMG_2523.jpg)\" >\n\t\t\t\t\t<div class=\"sow-slider-image-container\">\n\t\t\t<div class=\"sow-slider-image-wrapper\">\n\t\t\t\t\t\t\t<\/div>\n\t\t<\/div>\n\t\t\t\t<\/li>\n\t\t\t\t<li class=\"sow-slider-image  sow-slider-image-cover\" style=\"visibility: hidden;;background-color: #333333\" data-background=\"url(https:\/\/criva.pt\/web\/wp-content\/uploads\/2019\/10\/IMG_20191015_150643.jpg)\" >\n\t\t\t\t\t<div class=\"sow-slider-image-container\">\n\t\t\t<div class=\"sow-slider-image-wrapper\">\n\t\t\t\t\t\t\t<\/div>\n\t\t<\/div>\n\t\t\t\t<\/li>\n\t\t\t\t<li class=\"sow-slider-image  sow-slider-image-cover\" style=\"visibility: hidden;;background-color: #333333\" data-background=\"url(https:\/\/criva.pt\/web\/wp-content\/uploads\/2019\/10\/IMG_20190607_102048.jpg)\" >\n\t\t\t\t\t<div class=\"sow-slider-image-container\">\n\t\t\t<div class=\"sow-slider-image-wrapper\">\n\t\t\t\t\t\t\t<\/div>\n\t\t<\/div>\n\t\t\t\t<\/li>\n\t\t<\/ul>\t\t\t\t<ol class=\"sow-slider-pagination\">\n\t\t\t\t\t\t\t\t\t\t\t<li><a href=\"#\" data-goto=\"0\" aria-label=\"Display slide 1\"><\/a><\/li>\n\t\t\t\t\t\t\t\t\t\t\t<li><a href=\"#\" data-goto=\"1\" aria-label=\"Display slide 2\"><\/a><\/li>\n\t\t\t\t\t\t\t\t\t\t\t<li><a href=\"#\" data-goto=\"2\" aria-label=\"Display slide 3\"><\/a><\/li>\n\t\t\t\t\t\t\t\t\t\t\t<li><a href=\"#\" data-goto=\"3\" aria-label=\"Display slide 4\"><\/a><\/li>\n\t\t\t\t\t\t\t\t\t<\/ol>\n\n\t\t\t\t<div class=\"sow-slide-nav sow-slide-nav-next\">\n\t\t\t\t\t<a href=\"#\" data-goto=\"next\" aria-label=\"Next slide\" data-action=\"next\">\n\t\t\t\t\t\t<em class=\"sow-sld-icon-thin-right\"><\/em>\n\t\t\t\t\t<\/a>\n\t\t\t\t<\/div>\n\n\t\t\t\t<div class=\"sow-slide-nav sow-slide-nav-prev\">\n\t\t\t\t\t<a href=\"#\" data-goto=\"previous\" aria-label=\"Previous slide\" data-action=\"prev\">\n\t\t\t\t\t\t<em class=\"sow-sld-icon-thin-left\"><\/em>\n\t\t\t\t\t<\/a>\n\t\t\t\t<\/div>\n\t\t\t\t<\/div><\/div><\/div><\/div><\/div><\/div><div id=\"pg-124-1\"  class=\"panel-grid panel-has-style\" ><div class=\"siteorigin-panels-stretch panel-row-style panel-row-style-for-124-1\" data-stretch-type=\"full\" ><div id=\"pgc-124-1-0\"  class=\"panel-grid-cell\" ><div id=\"panel-124-1-0-0\" class=\"so-panel widget_sow-editor panel-first-child panel-last-child\" data-index=\"1\" ><div\n\t\t\t\n\t\t\tclass=\"so-widget-sow-editor so-widget-sow-editor-base\"\n\t\t\t\n\t\t>\n<div class=\"siteorigin-widget-tinymce textwidget\">\n\t<h1><strong> Centro de Dia<\/strong><\/h1>\n<hr \/>\n<\/div>\n<\/div><\/div><\/div><\/div><\/div><div id=\"pg-124-2\"  class=\"panel-grid panel-has-style\" ><div class=\"panel-row-style panel-row-style-for-124-2\" ><div id=\"pgc-124-2-0\"  class=\"panel-grid-cell\" ><div id=\"panel-124-2-0-0\" class=\"so-panel widget_sow-editor panel-first-child panel-last-child\" data-index=\"2\" ><div\n\t\t\t\n\t\t\tclass=\"so-widget-sow-editor so-widget-sow-editor-base\"\n\t\t\t\n\t\t>\n<div class=\"siteorigin-widget-tinymce textwidget\">\n\t<h2><strong>O que \u00e9:<\/strong><\/h2>\n<p>O Centro de Dia \u00e9 uma resposta social, desenvolvida em equipamento, que consiste na presta\u00e7\u00e3o de um conjunto de servi\u00e7os que contribuem para a manuten\u00e7\u00e3o dos idosos no seu meio s\u00f3cio-familiar.<\/p>\n<p>Os objectivos do Centro de Dia s\u00e3o:\u00a0 presta\u00e7\u00e3o de servi\u00e7os que satisfa\u00e7am necessidades b\u00e1sicas, presta\u00e7\u00e3o de apoio psico-social e\u00a0 fomento das rela\u00e7\u00f5es interpessoais ao n\u00edvel dos idosos e destes com outros grupos et\u00e1rios, a fim de evitar o isolamento.<\/p>\n<\/div>\n<\/div><\/div><\/div><div id=\"pgc-124-2-1\"  class=\"panel-grid-cell\" ><div id=\"panel-124-2-1-0\" class=\"so-panel widget_sow-editor panel-first-child panel-last-child\" data-index=\"3\" ><div\n\t\t\t\n\t\t\tclass=\"so-widget-sow-editor so-widget-sow-editor-base\"\n\t\t\t\n\t\t>\n<div class=\"siteorigin-widget-tinymce textwidget\">\n\t<h2><strong>Servi\u00e7os:<\/strong><\/h2>\n<ul>\n<li>Alimenta\u00e7\u00e3o;<\/li>\n<li>Higiene pessoal, conforto e imagem;<\/li>\n<li>Tratamento de roupas;<\/li>\n<li>Anima\u00e7\u00e3o e socializa\u00e7\u00e3o<\/li>\n<li>Aconselhamento e acompanhamento na sa\u00fade (agendamento de consultas e transporte)<\/li>\n<li>Enfermagem<\/li>\n<\/ul>\n<\/div>\n<\/div><\/div><\/div><div id=\"pgc-124-2-2\"  class=\"panel-grid-cell\" ><div id=\"panel-124-2-2-0\" class=\"so-panel widget_sow-editor panel-first-child panel-last-child\" data-index=\"4\" ><div\n\t\t\t\n\t\t\tclass=\"so-widget-sow-editor so-widget-sow-editor-base\"\n\t\t\t\n\t\t>\n<div class=\"siteorigin-widget-tinymce textwidget\">\n\t<h2><strong>Quem faz:<\/strong><\/h2>\n<h3><strong>Contamos com uma equipa formada e experiente constitu\u00edda por:<\/strong><\/h3>\n<ul>\n<li>um T\u00e9cnico de Servi\u00e7o Social<\/li>\n<li>um Enfermeiro Especialista em Psiquiatria e Sa\u00fade Mental<\/li>\n<li>uma Animadora de Pessoas Seniores, ,<\/li>\n<li>v\u00e1rias cuidadoras devidamente treinadas.<\/li>\n<\/ul>\n<\/div>\n<\/div><\/div><\/div><\/div><\/div><div id=\"pg-124-3\"  class=\"panel-grid panel-has-style\" ><div class=\"panel-row-style panel-row-style-for-124-3\" ><div id=\"pgc-124-3-0\"  class=\"panel-grid-cell\" ><div id=\"panel-124-3-0-0\" class=\"so-panel widget_sow-image panel-first-child panel-last-child\" data-index=\"5\" ><div\n\t\t\t\n\t\t\tclass=\"so-widget-sow-image so-widget-sow-image-default-8b5b6f678277-124\"\n\t\t\t\n\t\t>\n<div class=\"sow-image-container\">\n\t\t<img \n\tsrc=\"https:\/\/criva.pt\/web\/wp-content\/uploads\/2018\/05\/centrodia98.jpg\" width=\"2304\" height=\"1728\" srcset=\"https:\/\/criva.pt\/web\/wp-content\/uploads\/2018\/05\/centrodia98.jpg 2304w, https:\/\/criva.pt\/web\/wp-content\/uploads\/2018\/05\/centrodia98-300x225.jpg 300w, https:\/\/criva.pt\/web\/wp-content\/uploads\/2018\/05\/centrodia98-768x576.jpg 768w, https:\/\/criva.pt\/web\/wp-content\/uploads\/2018\/05\/centrodia98-1024x768.jpg 1024w\" sizes=\"(max-width: 2304px) 100vw, 2304px\" alt=\"\" \t\tclass=\"so-widget-image\"\/>\n\t<\/div>\n\n<\/div><\/div><\/div><div id=\"pgc-124-3-1\"  class=\"panel-grid-cell\" ><div id=\"panel-124-3-1-0\" class=\"so-panel widget_sow-image panel-first-child panel-last-child\" data-index=\"6\" ><div\n\t\t\t\n\t\t\tclass=\"so-widget-sow-image so-widget-sow-image-default-8b5b6f678277-124\"\n\t\t\t\n\t\t>\n<div class=\"sow-image-container\">\n\t\t<img \n\tsrc=\"https:\/\/criva.pt\/web\/wp-content\/uploads\/2018\/05\/centrodia3.jpg\" width=\"2304\" height=\"1728\" srcset=\"https:\/\/criva.pt\/web\/wp-content\/uploads\/2018\/05\/centrodia3.jpg 2304w, https:\/\/criva.pt\/web\/wp-content\/uploads\/2018\/05\/centrodia3-300x225.jpg 300w, https:\/\/criva.pt\/web\/wp-content\/uploads\/2018\/05\/centrodia3-768x576.jpg 768w, https:\/\/criva.pt\/web\/wp-content\/uploads\/2018\/05\/centrodia3-1024x768.jpg 1024w\" sizes=\"(max-width: 2304px) 100vw, 2304px\" alt=\"\" \t\tclass=\"so-widget-image\"\/>\n\t<\/div>\n\n<\/div><\/div><\/div><div id=\"pgc-124-3-2\"  class=\"panel-grid-cell\" ><div id=\"panel-124-3-2-0\" class=\"so-panel widget_sow-image panel-first-child panel-last-child\" data-index=\"7\" ><div\n\t\t\t\n\t\t\tclass=\"so-widget-sow-image so-widget-sow-image-default-8b5b6f678277-124\"\n\t\t\t\n\t\t>\n<div class=\"sow-image-container\">\n\t\t<img \n\tsrc=\"https:\/\/criva.pt\/web\/wp-content\/uploads\/2018\/05\/centrodia99.jpg\" width=\"2102\" height=\"1576\" srcset=\"https:\/\/criva.pt\/web\/wp-content\/uploads\/2018\/05\/centrodia99.jpg 2102w, https:\/\/criva.pt\/web\/wp-content\/uploads\/2018\/05\/centrodia99-300x225.jpg 300w, https:\/\/criva.pt\/web\/wp-content\/uploads\/2018\/05\/centrodia99-768x576.jpg 768w, https:\/\/criva.pt\/web\/wp-content\/uploads\/2018\/05\/centrodia99-1024x768.jpg 1024w\" sizes=\"(max-width: 2102px) 100vw, 2102px\" alt=\"\" \t\tclass=\"so-widget-image\"\/>\n\t<\/div>\n\n<\/div><\/div><\/div><\/div><\/div><div id=\"pg-124-4\"  class=\"panel-grid panel-has-style\" ><div class=\"panel-row-style panel-row-style-for-124-4\" ><div id=\"pgc-124-4-0\"  class=\"panel-grid-cell\" ><div id=\"panel-124-4-0-0\" class=\"so-panel widget_sow-editor panel-first-child panel-last-child\" data-index=\"8\" ><div\n\t\t\t\n\t\t\tclass=\"so-widget-sow-editor so-widget-sow-editor-base\"\n\t\t\t\n\t\t>\n<div class=\"siteorigin-widget-tinymce textwidget\">\n\t<h2><strong>Como Fazemos:<\/strong><\/h2>\n<p>O processo de admiss\u00e3o dever\u00e1 passar por uma entrevista ao candidato feita pelo t\u00e9cnico de servi\u00e7o social destinada a: estudar a situa\u00e7\u00e3o s\u00f3cio-familiar do candidato,\u00a0 informar e esclarecer sobre o regulamento interno do Centro de Dia.<\/p>\n<p>A admiss\u00e3o do idoso \u00e9 priorit\u00e1ria, sempre que este se encontre em situa\u00e7\u00e3o de risco de acelerar ou degradar o processo de envelhecimento.<\/p>\n<p>Depois duma avalia\u00e7\u00e3o pr\u00e9via feita pelo t\u00e9cnico de servi\u00e7o social, em caso de admiss\u00e3o \u00e9 estabelecido um contrato de presta\u00e7\u00e3o de servi\u00e7os<\/p>\n<p>\u00c9 elaborado para cada utente um plano interven\u00e7\u00e3o indiviual onde s\u00e3o estabelecidos os cuidados que cada utente necessita (segundo avalia\u00e7\u00e3o do enfermeiro, t\u00e9cnica de servi\u00e7o social e animadora).<\/p>\n<\/div>\n<\/div><\/div><\/div><div id=\"pgc-124-4-1\"  class=\"panel-grid-cell\" ><div id=\"panel-124-4-1-0\" class=\"so-panel widget_sow-editor panel-first-child panel-last-child\" data-index=\"9\" ><div\n\t\t\t\n\t\t\tclass=\"so-widget-sow-editor so-widget-sow-editor-base\"\n\t\t\t\n\t\t>\n<div class=\"siteorigin-widget-tinymce textwidget\">\n\t<p>&nbsp;<\/p>\n<p>S\u00e3o estabelecidas orienta\u00e7\u00f5es muito precisas sobre a vigil\u00e2ncia, alimenta\u00e7\u00e3o, tomada de medicamentos, cuidados de higiene e conforto e \u00e9 tra\u00e7ado um plano de anima\u00e7\u00e3o com atividades de grupo de estimula\u00e7\u00e3o motora e cognitiva.<\/p>\n<p>Para casos espec\u00edficos e quando necess\u00e1rio, podemos tra\u00e7ar um plano de estimula\u00e7\u00e3o individual com vista \u00e0 sua recupera\u00e7\u00e3o funcional ou \u00e0 preven\u00e7\u00e3o do agravamento de problemas espec\u00edficos.<\/p>\n<h2><strong>Como pode ter acesso a este servi\u00e7o:<\/strong><\/h2>\n<ul>\n<li>Pode dirigir-se \u00e0 rece\u00e7\u00e3o do CRIVA no Largo das D\u00e1lias, Bl 52\/54 \u2013 Vale da Amoreira.<\/li>\n<li>Contatar pelo telefone Rita Ricardo: 212 039 198 (chamada para a rede fixa nacional) \/ 936992957 (chamada para rede m\u00f3vel)<\/li>\n<li>Contatar por mail para: <strong><a href=\"mailto:rita.ricardo@criva.pt\">rita.ricardo@criva.pt<\/a><\/strong><\/li>\n<li><a href=\"https:\/\/criva.pt\/web\/wp-content\/uploads\/2024\/02\/Ficha-de-inscricao-SAD-e-CD.docx\" target=\"_blank\" rel=\"noopener\">Ficha de inscri\u00e7\u00e3o CD<\/a>\n<ul>\n<li><strong>Dever\u00e1 juntar os seguintes elementos:<\/strong>\n<ul>\n<li>CC do cliente ou BI, NIF, NISS, SNS;<\/li>\n<li>Comprovativo do \u00faltimo IRS e respetiva nota de liquida\u00e7\u00e3o (no caso de n\u00e3o fazer IRS, deve enviar declara\u00e7\u00e3o da Seg. Social com o valor da pens\u00e3o);<\/li>\n<li>Comprovativo de despesas, nomeadamente, renda da casa e\/ou farm\u00e1cia;<\/li>\n<li>Declara\u00e7\u00e3o do m\u00e9dico com a descri\u00e7\u00e3o dos problemas de sa\u00fade, especificando a situa\u00e7\u00e3o de dem\u00eancia, se for o caso (Pode ser entregue posteriormente).<\/li>\n<\/ul>\n<\/li>\n<\/ul>\n<\/li>\n<\/ul>\n<p>&nbsp;<\/p>\n<\/div>\n<\/div><\/div><\/div><\/div><\/div><div id=\"pg-124-5\"  class=\"panel-grid panel-has-style\" ><div class=\"panel-row-style panel-row-style-for-124-5\" ><div id=\"pgc-124-5-0\"  class=\"panel-grid-cell\" ><div id=\"panel-124-5-0-0\" class=\"so-panel widget_sow-image panel-first-child panel-last-child\" data-index=\"10\" ><div\n\t\t\t\n\t\t\tclass=\"so-widget-sow-image so-widget-sow-image-default-8b5b6f678277-124\"\n\t\t\t\n\t\t>\n<div class=\"sow-image-container\">\n\t\t<img \n\tsrc=\"https:\/\/criva.pt\/web\/wp-content\/uploads\/2019\/10\/10001.jpg\" width=\"960\" height=\"720\" srcset=\"https:\/\/criva.pt\/web\/wp-content\/uploads\/2019\/10\/10001.jpg 960w, https:\/\/criva.pt\/web\/wp-content\/uploads\/2019\/10\/10001-300x225.jpg 300w, https:\/\/criva.pt\/web\/wp-content\/uploads\/2019\/10\/10001-768x576.jpg 768w\" sizes=\"(max-width: 960px) 100vw, 960px\" alt=\"\" \t\tclass=\"so-widget-image\"\/>\n\t<\/div>\n\n<\/div><\/div><\/div><div id=\"pgc-124-5-1\"  class=\"panel-grid-cell\" ><div id=\"panel-124-5-1-0\" class=\"so-panel widget_sow-image panel-first-child panel-last-child\" data-index=\"11\" ><div\n\t\t\t\n\t\t\tclass=\"so-widget-sow-image so-widget-sow-image-default-8b5b6f678277-124\"\n\t\t\t\n\t\t>\n<div class=\"sow-image-container\">\n\t\t<img \n\tsrc=\"https:\/\/criva.pt\/web\/wp-content\/uploads\/2019\/10\/IMG_20191008_144557.jpg\" width=\"2560\" height=\"1920\" srcset=\"https:\/\/criva.pt\/web\/wp-content\/uploads\/2019\/10\/IMG_20191008_144557.jpg 2560w, https:\/\/criva.pt\/web\/wp-content\/uploads\/2019\/10\/IMG_20191008_144557-300x225.jpg 300w, https:\/\/criva.pt\/web\/wp-content\/uploads\/2019\/10\/IMG_20191008_144557-768x576.jpg 768w, https:\/\/criva.pt\/web\/wp-content\/uploads\/2019\/10\/IMG_20191008_144557-1024x768.jpg 1024w\" sizes=\"(max-width: 2560px) 100vw, 2560px\" alt=\"\" \t\tclass=\"so-widget-image\"\/>\n\t<\/div>\n\n<\/div><\/div><\/div><div id=\"pgc-124-5-2\"  class=\"panel-grid-cell\" ><div id=\"panel-124-5-2-0\" class=\"so-panel widget_sow-image panel-first-child panel-last-child\" data-index=\"12\" ><div\n\t\t\t\n\t\t\tclass=\"so-widget-sow-image so-widget-sow-image-default-8b5b6f678277-124\"\n\t\t\t\n\t\t>\n<div class=\"sow-image-container\">\n\t\t<img \n\tsrc=\"https:\/\/criva.pt\/web\/wp-content\/uploads\/2019\/10\/IMG_20190312_092955.jpg\" width=\"2560\" height=\"1920\" srcset=\"https:\/\/criva.pt\/web\/wp-content\/uploads\/2019\/10\/IMG_20190312_092955.jpg 2560w, https:\/\/criva.pt\/web\/wp-content\/uploads\/2019\/10\/IMG_20190312_092955-300x225.jpg 300w, https:\/\/criva.pt\/web\/wp-content\/uploads\/2019\/10\/IMG_20190312_092955-768x576.jpg 768w, https:\/\/criva.pt\/web\/wp-content\/uploads\/2019\/10\/IMG_20190312_092955-1024x768.jpg 1024w\" sizes=\"(max-width: 2560px) 100vw, 2560px\" alt=\"\" \t\tclass=\"so-widget-image\"\/>\n\t<\/div>\n\n<\/div><\/div><\/div><\/div><\/div><\/div>","protected":false},"excerpt":{"rendered":"<p>Centro de Dia<\/p>\n","protected":false},"author":1,"featured_media":0,"parent":0,"menu_order":0,"comment_status":"closed","ping_status":"closed","template":"","meta":{"footnotes":""},"class_list":["post-124","page","type-page","status-publish"],"_links":{"self":[{"href":"https:\/\/criva.pt\/web\/wp-json\/wp\/v2\/pages\/124","targetHints":{"allow":["GET"]}}],"collection":[{"href":"https:\/\/criva.pt\/web\/wp-json\/wp\/v2\/pages"}],"about":[{"href":"https:\/\/criva.pt\/web\/wp-json\/wp\/v2\/types\/page"}],"author":[{"embeddable":true,"href":"https:\/\/criva.pt\/web\/wp-json\/wp\/v2\/users\/1"}],"replies":[{"embeddable":true,"href":"https:\/\/criva.pt\/web\/wp-json\/wp\/v2\/comments?post=124"}],"version-history":[{"count":100,"href":"https:\/\/criva.pt\/web\/wp-json\/wp\/v2\/pages\/124\/revisions"}],"predecessor-version":[{"id":3507,"href":"https:\/\/criva.pt\/web\/wp-json\/wp\/v2\/pages\/124\/revisions\/3507"}],"wp:attachment":[{"href":"https:\/\/criva.pt\/web\/wp-json\/wp\/v2\/media?parent=124"}],"curies":[{"name":"wp","href":"https:\/\/api.w.org\/{rel}","templated":true}]}}