{"id":149,"date":"2018-05-03T10:25:19","date_gmt":"2018-05-03T10:25:19","guid":{"rendered":"http:\/\/criva.pt\/web\/?page_id=149"},"modified":"2024-01-12T16:28:27","modified_gmt":"2024-01-12T16:28:27","slug":"projeto_escolhas","status":"publish","type":"page","link":"https:\/\/criva.pt\/web\/projeto_escolhas\/","title":{"rendered":"Projeto Escolhas VA 2835"},"content":{"rendered":"<div id=\"pl-149\"  class=\"panel-layout\" ><div id=\"pg-149-0\"  class=\"panel-grid panel-has-style\" ><div class=\"siteorigin-panels-stretch panel-row-style panel-row-style-for-149-0\" data-stretch-type=\"full-width-stretch\" ><div id=\"pgc-149-0-0\"  class=\"panel-grid-cell\" ><div id=\"panel-149-0-0-0\" class=\"so-panel widget_sow-layout-slider panel-first-child panel-last-child\" data-index=\"0\" ><div\n\t\t\t\n\t\t\tclass=\"so-widget-sow-layout-slider so-widget-sow-layout-slider-default-6979390ecfde-149\"\n\t\t\t\n\t\t>\t\t\t\t<div class=\"sow-slider-base\" style=\"display: none\" tabindex=\"0\">\n\t\t\t\t\t<ul\n\t\t\t\t\tclass=\"sow-slider-images\"\n\t\t\t\t\tdata-settings=\"{&quot;pagination&quot;:true,&quot;speed&quot;:800,&quot;timeout&quot;:8000,&quot;paused&quot;:false,&quot;pause_on_hover&quot;:false,&quot;swipe&quot;:true,&quot;nav_always_show_desktop&quot;:&quot;&quot;,&quot;nav_always_show_mobile&quot;:&quot;&quot;,&quot;breakpoint&quot;:&quot;780px&quot;,&quot;unmute&quot;:false,&quot;anchor&quot;:null}\"\n\t\t\t\t\tstyle=\"min-height: 300px\"\t\t\t\t\tdata-anchor-id=\"\"\n\t\t\t\t>\t\t<li class=\"sow-slider-image  sow-slider-image-cover\" style=\"visibility: visible;;background-color: #333333;background-image: url(https:\/\/criva.pt\/web\/wp-content\/uploads\/2019\/10\/criva_banner_01.jpg)\" >\n\t\t\t\t\t<div class=\"sow-slider-image-container\">\n\t\t\t<div class=\"sow-slider-image-wrapper\">\n\t\t\t\t\t\t\t<\/div>\n\t\t<\/div>\n\t\t\t\t<\/li>\n\t\t<\/ul>\t\t\t\t<ol class=\"sow-slider-pagination\">\n\t\t\t\t\t\t\t\t\t\t\t<li><a href=\"#\" data-goto=\"0\" aria-label=\"Display slide 1\"><\/a><\/li>\n\t\t\t\t\t\t\t\t\t<\/ol>\n\n\t\t\t\t<div class=\"sow-slide-nav sow-slide-nav-next\">\n\t\t\t\t\t<a href=\"#\" data-goto=\"next\" aria-label=\"Next slide\" data-action=\"next\">\n\t\t\t\t\t\t<em class=\"sow-sld-icon-thin-right\"><\/em>\n\t\t\t\t\t<\/a>\n\t\t\t\t<\/div>\n\n\t\t\t\t<div class=\"sow-slide-nav sow-slide-nav-prev\">\n\t\t\t\t\t<a href=\"#\" data-goto=\"previous\" aria-label=\"Previous slide\" data-action=\"prev\">\n\t\t\t\t\t\t<em class=\"sow-sld-icon-thin-left\"><\/em>\n\t\t\t\t\t<\/a>\n\t\t\t\t<\/div>\n\t\t\t\t<\/div><\/div><\/div><\/div><\/div><\/div><div id=\"pg-149-1\"  class=\"panel-grid panel-has-style\" ><div class=\"panel-row-style panel-row-style-for-149-1\" ><div id=\"pgc-149-1-0\"  class=\"panel-grid-cell\" ><div id=\"panel-149-1-0-0\" class=\"so-panel widget_sow-editor panel-first-child panel-last-child\" data-index=\"1\" ><div\n\t\t\t\n\t\t\tclass=\"so-widget-sow-editor so-widget-sow-editor-base\"\n\t\t\t\n\t\t>\n<div class=\"siteorigin-widget-tinymce textwidget\">\n\t<h1><strong>RITMOS V.A. 2835 E8G - Projeto Escolhas<\/strong><\/h1>\n<hr \/>\n<\/div>\n<\/div><\/div><\/div><\/div><\/div><div id=\"pg-149-2\"  class=\"panel-grid panel-no-style\" ><div id=\"pgc-149-2-0\"  class=\"panel-grid-cell\" ><div id=\"panel-149-2-0-0\" class=\"so-panel widget_sow-editor panel-first-child panel-last-child\" data-index=\"2\" ><div\n\t\t\t\n\t\t\tclass=\"so-widget-sow-editor so-widget-sow-editor-base\"\n\t\t\t\n\t\t>\n<div class=\"siteorigin-widget-tinymce textwidget\">\n\t<h2>Medidas de conting\u00eancia COVID-19 Encerramento tempor\u00e1rio Programa Escolhas<\/h2>\n<p><a href=\"https:\/\/criva.pt\/web\/wp-content\/uploads\/2020\/03\/Covid-19-Comunicado-PE-.pdf\" target=\"_blank\" rel=\"noopener\">Covid - 19 - Comunicado Programa Escolhas<\/a><\/p>\n<hr \/>\n<\/div>\n<\/div><\/div><\/div><\/div><div id=\"pg-149-3\"  class=\"panel-grid panel-has-style\" ><div class=\"panel-row-style panel-row-style-for-149-3\" ><div id=\"pgc-149-3-0\"  class=\"panel-grid-cell\" ><div id=\"panel-149-3-0-0\" class=\"so-panel widget_sow-editor panel-first-child panel-last-child\" data-index=\"3\" ><div\n\t\t\t\n\t\t\tclass=\"so-widget-sow-editor so-widget-sow-editor-base\"\n\t\t\t\n\t\t>\n<div class=\"siteorigin-widget-tinymce textwidget\">\n\t<div class=\"col-md-7\">\n<p>A equipa do Projeto Escolhas V.A. 2835 visa em articula\u00e7\u00e3o com os parceiros\/recursos locais, dar respostas ao d\u00e9fice educativo e profissional do territ\u00f3rio para jovens entre os 11 e os 25 de idade e suas respetivas fam\u00edlias.<\/p>\n<p>Existe tamb\u00e9m para complementar o trabalho de terreno, no acompanhamento, encaminhamento da comunidade para as respostas adequadas \u00e0s suas problem\u00e1ticas face a um volume t\u00e3o grande de pessoas em situa\u00e7\u00e3o de vulnerabilidade social.<\/p>\n<p>\u00c9 uma resposta que trabalha essencialmente em 3 grandes \u00e1reas: I- Educa\u00e7\u00e3o, Forma\u00e7\u00e3o e Qualifica\u00e7\u00e3o. II- Inclus\u00e3o Digital, III \u2013 Dinamiza\u00e7\u00e3o Comunit\u00e1ria, Participa\u00e7\u00e3o e Cidadania.<\/p>\n<hr \/>\n<\/div>\n<\/div>\n<\/div><\/div><\/div><\/div><\/div><div id=\"pg-149-4\"  class=\"panel-grid panel-has-style\" ><div class=\"panel-row-style panel-row-style-for-149-4\" ><div id=\"pgc-149-4-0\"  class=\"panel-grid-cell\" ><div id=\"panel-149-4-0-0\" class=\"so-panel widget_sow-editor panel-first-child panel-last-child\" data-index=\"4\" ><div\n\t\t\t\n\t\t\tclass=\"so-widget-sow-editor so-widget-sow-editor-base\"\n\t\t\t\n\t\t>\n<div class=\"siteorigin-widget-tinymce textwidget\">\n\t<div class=\"col-md-7\">\n<h2><strong>Quem Faz:<\/strong><\/h2>\n<p>No \u00e2mbito da 8\u00aa Gera\u00e7\u00e3o do Programa Escolhas promovido Pela Rep\u00fablica Portuguesa e o Alto Comissariado para as Migra\u00e7\u00f5es o Centro de Reformados e Idosos do Vale da Amoreira surge como entidade promotora e gestora do Projeto Ritmos V.A. 2835.<\/p>\n<p>O trabalho \u00e9 desenvolvido por uma equipa t\u00e9cnica composta por 1 Coordenador de Projeto, 2 monitores de atividades um dos quais com certificado para atividades de Inclus\u00e3o Digital e um jovem da comunidade local com fun\u00e7\u00f5es de dinamiza\u00e7\u00e3o comunit\u00e1ria. \u00c9 um trabalho estruturante e de continuidade desenvolvido em Cons\u00f3rcio Local, iniciando a quando da sua 6\u00aa Gera\u00e7\u00e3o, a Mar\u00e7o de 2016.<\/p>\n<p>A rede de entidades parceiras \u00e9 constitu\u00edda pelo Munic\u00edpio da Moita, pela Uni\u00e3o de Freguesias da Baixa da Banheira e Vale da Amoreira, pela Comiss\u00e3o de Prote\u00e7\u00e3o Crian\u00e7as e Jovens da Moita, pela Administra\u00e7\u00e3o Regional de Sa\u00fade De Lisboa E Vale Do Tejo, pela Dire\u00e7\u00e3o Geral de Reinser\u00e7\u00e3o e Servi\u00e7os Prisionais (Equipa de Set\u00fabal 2), pelo Agrupamento de Escolas do Vale da Amoreira, pela Escola Secund\u00e1ria da Baixa da Banheira, pelo Instituto Portugu\u00eas do Desporto e da Juventude, pela RUMO e pelo Centro de Forma\u00e7\u00e3o de Escolas do Barreiro e Moita.<\/p>\n<\/div>\n<\/div>\n<\/div><\/div><\/div><div id=\"pgc-149-4-1\"  class=\"panel-grid-cell\" ><div id=\"panel-149-4-1-0\" class=\"so-panel widget_sow-editor panel-first-child panel-last-child\" data-index=\"5\" ><div\n\t\t\t\n\t\t\tclass=\"so-widget-sow-editor so-widget-sow-editor-base\"\n\t\t\t\n\t\t>\n<div class=\"siteorigin-widget-tinymce textwidget\">\n\t<div class=\"col-md-7\">\n<h2><strong>Como Fazemos:<\/strong><\/h2>\n<h4><strong>O trabalho no terreno \u00e9 desenvolvido atrav\u00e9s de 18 de atividades distintas:<\/strong><\/h4>\n<ul>\n<li>Percursos mais - Acompanhamento Psicossocial<\/li>\n<li>CID Formativo - Forma\u00e7\u00e3o TIC<\/li>\n<li>Aprender \u00e9 F\u00e1cil - Apoio escolar<\/li>\n<li>Escolhas informadas - Di\u00e1logo Intercultural<\/li>\n<li>Culturando e Lazer - Cultural<\/li>\n<li>Solid\u00e1rios a construir o futuro \u2013 Cidadania<\/li>\n<li>Multim\u00e9dia Criativa - Multim\u00e9dia<\/li>\n<li>CID Livre \u2013 Internet Livre<\/li>\n<li>Rep\u00f3rter V.A. 2835 - Comunica\u00e7\u00e3o<\/li>\n<li>Street Sports - Desportiva<\/li>\n<li>PressPlay 2835 - L\u00fadico-pedag\u00f3gica<\/li>\n<li>Ritmos Dan\u00e7a 2835 \u2013 Art\u00edstica<\/li>\n<li>Teatro e artes pl\u00e1sticas \u2013 Art\u00edstica<\/li>\n<li>Ritmos Musica 2835 \u2013 Art\u00edstica<\/li>\n<li>Artes pl\u00e1sticas \u2013 Art\u00edstica<\/li>\n<li>Percursos alternativos + Acompanhamento Psicossocial<\/li>\n<li>+ Cuidados<\/li>\n<li>Aproxima-te - Acompanhamento Psicossocial<\/li>\n<\/ul>\n<\/div>\n<\/div>\n<\/div><\/div><\/div><div id=\"pgc-149-4-2\"  class=\"panel-grid-cell\" ><div id=\"panel-149-4-2-0\" class=\"so-panel widget_sow-editor panel-first-child panel-last-child\" data-index=\"6\" ><div\n\t\t\t\n\t\t\tclass=\"so-widget-sow-editor so-widget-sow-editor-base\"\n\t\t\t\n\t\t>\n<div class=\"siteorigin-widget-tinymce textwidget\">\n\t<div class=\"col-md-7\">\n<h2><strong>Como Pode Ter Este Servi\u00e7o:<\/strong><\/h2>\n<p>O interessado deve dirigir-se ao Grupo Jovem do Vale da Amoreira situado no Largo das D\u00e1lias N\u00ba 53 Cave 2835-204 Vale da Amoreira e efetuar a sua inscri\u00e7\u00e3o, caso seja menor de idade deve fazer-se acompanhar pelo respetivo encarregado de educa\u00e7\u00e3o.<\/p>\n<p>Contatos<\/p>\n<p><strong>Equipa Projeto Ritmos V.A. 2835<\/strong><\/p>\n<p><strong>Paulo Duarte<br \/>\n<\/strong><a href=\"mailto:paulo.duarte@criva.com\">paulo.duarte@criva.com<\/a><strong><br \/>\n<\/strong><\/p>\n<p>Tel: 212 039 198 (chamada para a rede fixa nacional)<br \/>\nTlm: 962 667 757 (chamada para rede m\u00f3vel)<\/p>\n<p>E-mail: <a href=\"mailto:Ritmos.va2835.e8g@criva.com\">Ritmos.va2835.e8g@criva.com<\/a><br \/>\nFacebook: <a href=\"https:\/\/www.facebook.com\/VA2835\" target=\"_blank\" rel=\"noopener\">www.facebook.com\/VA2835<\/a><br \/>\nInstagram: ritmos_va_2835e8g<\/p>\n<\/div>\n<p>&nbsp;<\/p>\n<\/div>\n<\/div><\/div><\/div><\/div><\/div><\/div>","protected":false},"excerpt":{"rendered":"<p>RITMOS V.A. 2835 E8G &#8211; Projeto Escolhas<\/p>\n","protected":false},"author":1,"featured_media":0,"parent":0,"menu_order":0,"comment_status":"closed","ping_status":"closed","template":"","meta":{"footnotes":""},"class_list":["post-149","page","type-page","status-publish"],"_links":{"self":[{"href":"https:\/\/criva.pt\/web\/wp-json\/wp\/v2\/pages\/149","targetHints":{"allow":["GET"]}}],"collection":[{"href":"https:\/\/criva.pt\/web\/wp-json\/wp\/v2\/pages"}],"about":[{"href":"https:\/\/criva.pt\/web\/wp-json\/wp\/v2\/types\/page"}],"author":[{"embeddable":true,"href":"https:\/\/criva.pt\/web\/wp-json\/wp\/v2\/users\/1"}],"replies":[{"embeddable":true,"href":"https:\/\/criva.pt\/web\/wp-json\/wp\/v2\/comments?post=149"}],"version-history":[{"count":43,"href":"https:\/\/criva.pt\/web\/wp-json\/wp\/v2\/pages\/149\/revisions"}],"predecessor-version":[{"id":3501,"href":"https:\/\/criva.pt\/web\/wp-json\/wp\/v2\/pages\/149\/revisions\/3501"}],"wp:attachment":[{"href":"https:\/\/criva.pt\/web\/wp-json\/wp\/v2\/media?parent=149"}],"curies":[{"name":"wp","href":"https:\/\/api.w.org\/{rel}","templated":true}]}}

<div id="pl-149"  class="panel-layout" ><div id="pg-149-0"  class="panel-grid panel-has-style" ><div class="siteorigin-panels-stretch panel-row-style panel-row-style-for-149-0" data-stretch-type="full-width-stretch" ><div id="pgc-149-0-0"  class="panel-grid-cell" ><div id="panel-149-0-0-0" class="so-panel widget_sow-layout-slider panel-first-child panel-last-child" data-index="0" ><div
			
			class="so-widget-sow-layout-slider so-widget-sow-layout-slider-default-6979390ecfde-149"
			
		>				<div class="sow-slider-base" style="display: none" tabindex="0">
					<ul
					class="sow-slider-images"
					data-settings="{&quot;pagination&quot;:true,&quot;speed&quot;:800,&quot;timeout&quot;:8000,&quot;paused&quot;:false,&quot;pause_on_hover&quot;:false,&quot;swipe&quot;:true,&quot;nav_always_show_desktop&quot;:&quot;&quot;,&quot;nav_always_show_mobile&quot;:&quot;&quot;,&quot;breakpoint&quot;:&quot;780px&quot;,&quot;unmute&quot;:false,&quot;anchor&quot;:null}"
					style="min-height: 300px"					data-anchor-id=""
				>		<li class="sow-slider-image  sow-slider-image-cover" style="visibility: visible;;background-color: #333333;background-image: url(https://criva.pt/web/wp-content/uploads/2019/10/criva_banner_01.jpg)" >
					<div class="sow-slider-image-container">
			<div class="sow-slider-image-wrapper">
							</div>
		</div>
				</li>
		</ul>				<ol class="sow-slider-pagination">
											<li><a href="#" data-goto="0" aria-label="Display slide 1"></a></li>
									</ol>

				<div class="sow-slide-nav sow-slide-nav-next">
					<a href="#" data-goto="next" aria-label="Next slide" data-action="next">
						<em class="sow-sld-icon-thin-right"></em>
					</a>
				</div>

				<div class="sow-slide-nav sow-slide-nav-prev">
					<a href="#" data-goto="previous" aria-label="Previous slide" data-action="prev">
						<em class="sow-sld-icon-thin-left"></em>
					</a>
				</div>
				</div></div></div></div></div></div><div id="pg-149-1"  class="panel-grid panel-has-style" ><div class="panel-row-style panel-row-style-for-149-1" ><div id="pgc-149-1-0"  class="panel-grid-cell" ><div id="panel-149-1-0-0" class="so-panel widget_sow-editor panel-first-child panel-last-child" data-index="1" ><div
			
			class="so-widget-sow-editor so-widget-sow-editor-base"
			
		>
<div class="siteorigin-widget-tinymce textwidget">
	<h1><strong>RITMOS V.A. 2835 E8G - Projeto Escolhas</strong></h1>
<hr />
</div>
</div></div></div></div></div><div id="pg-149-2"  class="panel-grid panel-no-style" ><div id="pgc-149-2-0"  class="panel-grid-cell" ><div id="panel-149-2-0-0" class="so-panel widget_sow-editor panel-first-child panel-last-child" data-index="2" ><div
			
			class="so-widget-sow-editor so-widget-sow-editor-base"
			
		>
<div class="siteorigin-widget-tinymce textwidget">
	<h2>Medidas de contingência COVID-19 Encerramento temporário Programa Escolhas</h2>
<p><a href="https://criva.pt/web/wp-content/uploads/2020/03/Covid-19-Comunicado-PE-.pdf" target="_blank" rel="noopener">Covid - 19 - Comunicado Programa Escolhas</a></p>
<hr />
</div>
</div></div></div></div><div id="pg-149-3"  class="panel-grid panel-has-style" ><div class="panel-row-style panel-row-style-for-149-3" ><div id="pgc-149-3-0"  class="panel-grid-cell" ><div id="panel-149-3-0-0" class="so-panel widget_sow-editor panel-first-child panel-last-child" data-index="3" ><div
			
			class="so-widget-sow-editor so-widget-sow-editor-base"
			
		>
<div class="siteorigin-widget-tinymce textwidget">
	<div class="col-md-7">
<p>A equipa do Projeto Escolhas V.A. 2835 visa em articulação com os parceiros/recursos locais, dar respostas ao défice educativo e profissional do território para jovens entre os 11 e os 25 de idade e suas respetivas famílias.</p>
<p>Existe também para complementar o trabalho de terreno, no acompanhamento, encaminhamento da comunidade para as respostas adequadas às suas problemáticas face a um volume tão grande de pessoas em situação de vulnerabilidade social.</p>
<p>É uma resposta que trabalha essencialmente em 3 grandes áreas: I- Educação, Formação e Qualificação. II- Inclusão Digital, III – Dinamização Comunitária, Participação e Cidadania.</p>
<hr />
</div>
</div>
</div></div></div></div></div><div id="pg-149-4"  class="panel-grid panel-has-style" ><div class="panel-row-style panel-row-style-for-149-4" ><div id="pgc-149-4-0"  class="panel-grid-cell" ><div id="panel-149-4-0-0" class="so-panel widget_sow-editor panel-first-child panel-last-child" data-index="4" ><div
			
			class="so-widget-sow-editor so-widget-sow-editor-base"
			
		>
<div class="siteorigin-widget-tinymce textwidget">
	<div class="col-md-7">
<h2><strong>Quem Faz:</strong></h2>
<p>No âmbito da 8ª Geração do Programa Escolhas promovido Pela República Portuguesa e o Alto Comissariado para as Migrações o Centro de Reformados e Idosos do Vale da Amoreira surge como entidade promotora e gestora do Projeto Ritmos V.A. 2835.</p>
<p>O trabalho é desenvolvido por uma equipa técnica composta por 1 Coordenador de Projeto, 2 monitores de atividades um dos quais com certificado para atividades de Inclusão Digital e um jovem da comunidade local com funções de dinamização comunitária. É um trabalho estruturante e de continuidade desenvolvido em Consórcio Local, iniciando a quando da sua 6ª Geração, a Março de 2016.</p>
<p>A rede de entidades parceiras é constituída pelo Município da Moita, pela União de Freguesias da Baixa da Banheira e Vale da Amoreira, pela Comissão de Proteção Crianças e Jovens da Moita, pela Administração Regional de Saúde De Lisboa E Vale Do Tejo, pela Direção Geral de Reinserção e Serviços Prisionais (Equipa de Setúbal 2), pelo Agrupamento de Escolas do Vale da Amoreira, pela Escola Secundária da Baixa da Banheira, pelo Instituto Português do Desporto e da Juventude, pela RUMO e pelo Centro de Formação de Escolas do Barreiro e Moita.</p>
</div>
</div>
</div></div></div><div id="pgc-149-4-1"  class="panel-grid-cell" ><div id="panel-149-4-1-0" class="so-panel widget_sow-editor panel-first-child panel-last-child" data-index="5" ><div
			
			class="so-widget-sow-editor so-widget-sow-editor-base"
			
		>
<div class="siteorigin-widget-tinymce textwidget">
	<div class="col-md-7">
<h2><strong>Como Fazemos:</strong></h2>
<h4><strong>O trabalho no terreno é desenvolvido através de 18 de atividades distintas:</strong></h4>
<ul>
<li>Percursos mais - Acompanhamento Psicossocial</li>
<li>CID Formativo - Formação TIC</li>
<li>Aprender é Fácil - Apoio escolar</li>
<li>Escolhas informadas - Diálogo Intercultural</li>
<li>Culturando e Lazer - Cultural</li>
<li>Solidários a construir o futuro – Cidadania</li>
<li>Multimédia Criativa - Multimédia</li>
<li>CID Livre – Internet Livre</li>
<li>Repórter V.A. 2835 - Comunicação</li>
<li>Street Sports - Desportiva</li>
<li>PressPlay 2835 - Lúdico-pedagógica</li>
<li>Ritmos Dança 2835 – Artística</li>
<li>Teatro e artes plásticas – Artística</li>
<li>Ritmos Musica 2835 – Artística</li>
<li>Artes plásticas – Artística</li>
<li>Percursos alternativos + Acompanhamento Psicossocial</li>
<li>+ Cuidados</li>
<li>Aproxima-te - Acompanhamento Psicossocial</li>
</ul>
</div>
</div>
</div></div></div><div id="pgc-149-4-2"  class="panel-grid-cell" ><div id="panel-149-4-2-0" class="so-panel widget_sow-editor panel-first-child panel-last-child" data-index="6" ><div
			
			class="so-widget-sow-editor so-widget-sow-editor-base"
			
		>
<div class="siteorigin-widget-tinymce textwidget">
	<div class="col-md-7">
<h2><strong>Como Pode Ter Este Serviço:</strong></h2>
<p>O interessado deve dirigir-se ao Grupo Jovem do Vale da Amoreira situado no Largo das Dálias Nº 53 Cave 2835-204 Vale da Amoreira e efetuar a sua inscrição, caso seja menor de idade deve fazer-se acompanhar pelo respetivo encarregado de educação.</p>
<p>Contatos</p>
<p><strong>Equipa Projeto Ritmos V.A. 2835</strong></p>
<p><strong>Paulo Duarte<br />
</strong><a href="mailto:paulo.duarte@criva.com">paulo.duarte@criva.com</a><strong><br />
</strong></p>
<p>Tel: 212 039 198 (chamada para a rede fixa nacional)<br />
Tlm: 962 667 757 (chamada para rede móvel)</p>
<p>E-mail: <a href="mailto:Ritmos.va2835.e8g@criva.com">Ritmos.va2835.e8g@criva.com</a><br />
Facebook: <a href="https://www.facebook.com/VA2835" target="_blank" rel="noopener">www.facebook.com/VA2835</a><br />
Instagram: ritmos_va_2835e8g</p>
</div>
<p>&nbsp;</p>
</div>
</div></div></div></div></div></div>
